r of 89117 and 27386576?
3073
Calculate the greatest common divisor of 306 and 319168506.
102
What is the greatest common divisor of 25531556 and 1072?
268
What is the greatest common divisor of 483696 and 18432?
144
Calculate the highest common divisor of 2970434 and 261356.
586
Calculate the greatest common factor of 4943991 and 85.
17
Calculate the highest common divisor of 5238707058 and 117.
117
Calculate the greatest common divisor of 20 and 67784630.
10
What is the greatest common factor of 5560 and 668120?
40
What is the highest common divisor of 4 and 376205556?
4
What is the highest common divisor of 110737 and 1331?
11
Calculate the greatest common divisor of 26722627 and 97.
97
Calculate the highest common factor of 41 and 168915613.
41
Calculate the highest common divisor of 51569104 and 16.
16
Calculate the greatest common factor of 110304 and 4985511.
1149
What is the highest common divisor of 15154030 and 890?
890
What is the highest common factor of 8950 and 98900?
50
What is the highest common divisor of 56076276 and 12?
12
What is the highest common divisor of 20662620 and 3300?
660
What is the greatest common factor of 176 and 4966478?
22
What is the highest common factor of 4834084 and 356?
4
Calculate the highest common factor of 2462369 and 247.
13
What is the highest common factor of 8045 and 13834182?
1609
Calculate the greatest common factor of 1792089 and 379746.
2601
What is the greatest common factor of 36037551 and 363?
363
What is the greatest common divisor of 3398595 and 690?
345
What is the highest common divisor of 21465 and 224691327?
4293
What is the greatest common factor of 71910 and 180010?
470
Calculate the greatest common divisor of 1425273780 and 2940.
2940
Calculate the greatest common divisor of 900205375 and 755.
755
What is the greatest common factor of 95 and 205565845?
95
Calculate the greatest common divisor of 11831660 and 680.
340
What is the highest common factor of 914 and 29081652?
914
Calculate the greatest common divisor of 2991996 and 239692.
124
Calculate the highest common divisor of 322 and 3221246.
14
What is the greatest common divisor of 18189 and 318114?
387
What is the highest common factor of 855 and 52645770?
855
Calculate the greatest common divisor of 4689637 and 578.
17
Calculate the greatest common divisor of 4270 and 832223.
427
Calculate the greatest common divisor of 1651 and 1558544.
1651
Calculate the greatest common factor of 954 and 14216190.
318
What is the greatest common factor of 602432 and 1216?
64
What is the greatest common divisor of 8234595 and 3620?
905
What is the highest common divisor of 16717 and 6789?
73
Calculate the highest common divisor of 651 and 137537421.
651
What is the highest common factor of 1 and 3517803?
1
What is the highest common factor of 3255 and 395220?
105
What is the greatest common divisor of 2100 and 434452?
4
Calculate the highest common divisor of 4018 and 10159758.
98
Calculate the greatest common divisor of 73264 and 1351528.
1928
What is the greatest common divisor of 509 and 8316551?
509
What is the greatest common factor of 3237847 and 2774?
19
Calculate the highest common divisor of 111043125 and 380.
95
What is the greatest common factor of 2100 and 9295608?
84
Calculate the greatest common divisor of 10560 and 645150.
330
Calculate the highest common factor of 4345572 and 2508.
132
Calculate the greatest common divisor of 36 and 214698852.
36
What is the highest common factor of 35 and 1307013645?
35
What is the highest common divisor of 18 and 107116194?
6
Calculate the highest common factor of 12327346 and 34.
34
What is the highest common factor of 312 and 34341996?
156
Calculate the highest common divisor of 39624935 and 105.
35
What is the greatest common divisor of 3954742 and 3685?
737
Calculate the greatest common divisor of 135 and 21909105.
45
What is the greatest common divisor of 130841819 and 172?
43
Calculate the greatest common factor of 2517870 and 528870.
510
What is the greatest common divisor of 6647 and 7763407?
289
What is the highest common factor of 887 and 564171915?
887
What is the greatest common divisor of 2418116 and 4?
4
Calculate the highest common factor of 4 and 605482964.
4
Calculate the highest common factor of 1209294 and 102626.
1058
What is the highest common factor of 2770687 and 116343?
4309
Calculate the greatest common factor of 340949 and 119.
7
Calculate the highest common divisor of 735992 and 32899.
197
What is the greatest common divisor of 34911 and 31446?
9
What is the greatest common divisor of 2724138 and 5256?
18
What is the highest common factor of 24224 and 827401?
757
What is the highest common divisor of 2272952 and 11638?
506
Calculate the greatest common divisor of 21072173 and 614.
307
Calculate the greatest common factor of 15 and 9629615.
5
Calculate the highest common divisor of 27279 and 44856.
63
Calculate the highest common divisor of 8900 and 2253480.
1780
Calculate the greatest common factor of 818118 and 21.
21
What is the greatest common factor of 11256 and 50030106?
2814
What is the highest common factor of 609254 and 46360?
38
What is the highest common divisor of 22083888 and 144?
48
Calculate the greatest common factor of 596307 and 3399.
3
Calculate the greatest common divisor of 387419740 and 20.
20
What is the highest common divisor of 582079847 and 1513?
1513
Calculate the greatest common factor of 174 and 3282682.
2
Calculate the greatest common factor of 188973784 and 8.
8
What is the highest common factor of 192 and 150903488?
64
Calculate the highest common factor of 128702 and 168838.
58
Calculate the greatest common divisor of 458916 and 5556.
12
Calculate the greatest common factor of 21 and 51919.
7
Calculate the greatest common factor of 1382069174 and 8026.
8026
What is the highest common divisor of 824980025 and 25?
25
What is the greatest common divisor of 20 and 178502?
2
What is the greatest common divisor of 3485250 and 210?
30
What is the greatest common divisor of 359 and 69?
1
What is the highest common divisor of 135424 and 43907?
529
Calculate the greatest common divisor of 138926568 and 1056.
264
What is the greatest common divisor of 8350 and 79893134?
334
Calculate the greatest common divisor of 474 and 21981513.
237
What is the highest common divisor of 18589 and 1592042?
29
What is the greatest common factor of 1280 and 29370140?
20
What is the greatest common divisor of 43528 and 512?
8
Calculate the highest common factor of 3556502 and 21199.
493
Calculate the greatest common factor of 6846 and 21882.
42
Calculate the highest common divisor of 13 and 19022497.
13
What is the highest common divisor of 42166 and 84970?
58
What is the highest common divisor of 1160 and 30273245?
145
What is the greatest common divisor of 412282 and 3436121?
1313
What is the highest common factor of 392 and 19514740?
196
Calculate the highest common factor of 100 and 211616.
4
What is the greatest common divisor of 12 and 836214?
6
Calculate the greatest common divisor of 18622780 and 1188.
44
Calculate the greatest common factor of 1780624 and 1065584.
1744
What is the highest common factor of 11020 and 3438791?
551
What is the greatest common factor of 2385 and 10970682?
159
What is the highest common divisor of 50570 and 1850084?
778
Calculate the highest common factor of 1177256 and 394847.
1457
Calculate the greatest common divisor of 182 and 178594.
26
What is the highest common divisor of 264 and 161799?
33
Calculate the greatest common factor of 190815586 and 25298.
3614
Calculate the greatest common divisor of 29394 and 1735098.
426
Calculate the greatest common factor of 59142104 and 14.
14
Calculate the greatest common factor of 12721317 and 2394.
399
Calculate the greatest common factor of 1980 and 382516860.
660
Calculate the highest common divisor of 18904210 and 195.
65
Calculate the highest common divisor of 68 and 99514889.
17
What is the greatest common divisor of 23560 and 44536?
152
Calculate the highest common factor of 16275200 and 6592.
64
Calculate the greatest common factor of 328 and 27714073.
41
What is the greatest common divisor of 13983 and 5460243?
237
Calculate the greatest common divisor of 9111288 an